ose 0 = -5*s - 5*x + 655, 2*s - 4*x - 256 = -0*s. Calculate the remainder when s is divided by 33.
31
Let i(z) = z**3 - 8*z**2 + 13*z + 1. Calculate the remainder when 128 is divided by i(7).
42
Let w(s) = 2*s**2 - 2*s - 4. Let d be w(5). Suppose d + 51 = 3*c. Calculate the remainder when c is divided by -2 - 3/((-9)/51).
14
Let z(y) = y**2 + 2*y - 4. What is the remainder when z(5) is divided by 9 + (6/2 - 1)?
9
Let z = 64 - 32. Let v = 5 + -27. Let h = z + v. Calculate the remainder when 29 is divided by h.
9
Suppose 4*z - 92 = 88. What is the remainder when z is divided by 16?
13
Let v = 43 - -14. What is the remainder when v is divided by 10?
7
What is the remainder when 7 is divided by 1*(-4 + 4 + 2)?
1
Let y = -203 - -310. Calculate the remainder when y is divided by 22.
19
Let l = 17 - 12. Suppose 3*z - l*j - 5 = 0, -25 = -6*z + 3*z + j. Suppose r - 1 = z. What is the remainder when 21 is divided by r?
10
Let w be (0 + -2 - -2)/(-2). Suppose -4*y - 5 = o - w, y = -o + 1. Suppose -u - 9 - 16 = -o*a, -5*a - u = -39. What is the remainder when 15 is divided by a?
7
Let a(d) = d**3 - 5*d**2 + 8*d - 6. Suppose -2*o - 2*o + 20 = 0. What is the remainder when a(o) is divided by 12?
10
Let h(t) = -t + 4. Let m be h(0). Suppose m*i - 16 - 4 = 0. Suppose -8*d = -3*d - 45. What is the remainder when d is divided by i?
4
Suppose -2*z = u + z - 21, u - 5*z + 11 = 0. What is the remainder when 20 is divided by u?
2
Let t be (-8)/(-36) + 25/9. Suppose 5*c = d - 6, 5*d + c - t*c = 7. Calculate the remainder when 1 is divided by d.
0
Let m = -14 + 15. Suppose 59 + m = 5*a. Calculate the remainder when 33 is divided by a.
9
Let z be 6*-1*(-3)/6. Suppose -z*v - 6 = -33. Calculate the remainder when v is divided by 5.
4
Let l(i) = 10*i**3 - i**2 + 1. Let c = 21 + -15. What is the remainder when l(1) is divided by c?
4
Let y(u) = -u**2 - 11*u - 1. Calculate the remainder when y(-7) is divided by 10.
7
Let c(m) = 8*m - 9. What is the remainder when 41 is divided by c(3)?
11
Suppose 17 = -0*z + z. Suppose -20 + 184 = 2*m. What is the remainder when m is divided by z?
14
Let m = 7 + -13. Let l(b) = 29 - 29 - 3*b. What is the remainder when 52 is divided by l(m)?
16
Suppose -6*z - 31 = -127. What is the remainder when 46 is divided by z?
14
Let p(s) = s**2 - 9*s + 17. Calculate the remainder when p(12) is divided by (108/16)/(3/8).
17
Suppose -4*s = -v - 48, 3*s - 35 = -2*s - 5*v. What is the remainder when s is divided by 7 + ((-2)/(-1))/(-2)?
5
Suppose 0*r - 4*r - 124 = 0. Let h = r - -52. Suppose 3*n - 2*g - 18 = 3*g, 0 = -4*n + g + 41. Calculate the remainder when h is divided by n.
10
What is the remainder when 27 is divided by (-27)/18*10*(-1)/3?
2
Let r(t) = t + 1. Let m(c) = -5*c - 9. Let f(a) = -m(a) - 6*r(a). Calculate the remainder when f(-11) is divided by 8.
6
Let b(r) = 115*r**3 - 2*r + 1. Let n = 12 + -11. What is the remainder when b(n) is divided by 29?
27
What is the remainder when 85 is divided by (-4)/(-10)*(47 + 8)?
19
What is the remainder when 33 is divided by (-155)/(-10) + 3/2?
16
Suppose 2*g - g - 18 = 0. What is the remainder when 29 is divided by g?
11
Suppose 4*u = 180 + 1320. What is the remainder when 3/(-6) + u/10 is divided by 20?
17
Suppose 0 = 2*u - 23 + 9. Suppose -3*a = -u*a + 12. What is the remainder when 10 is divided by a?
1
Suppose 3*r = -5*u + 43, 0 = r - 2*u + u - 17. Calculate the remainder when 60 is divided by r.
12
Suppose 2*y - 39 = 23. Calculate the remainder when y is divided by 7.
3
Calculate the remainder when 157 is divided by (2*-2)/(8/(-64)).
29
Suppose -4 = -2*d + 8. Let a(r) = r - 4 + d*r + 5*r. What is the remainder when a(3) is divided by 17?
15
Let z(b) = b**2 - 3*b + 4. Let h be z(3). Suppose -3*f + h*f = n - 9, 3*n = -5*f - 69. What is the remainder when 32 is divided by (33/f)/((-1)/4)?
10
Let q(m) = 2 - 6*m - m - 1. Calculate the remainder when 4*(-1 + 0) + 25 + 1 is divided by q(-1).
6
Suppose 12 + 18 = -5*q. Let v = 29 - 27. What is the remainder when v is divided by (-2)/4 - 15/q?
0
Suppose -2*p + 117 = 3*b, -2*p + 4*p = -6. Suppose 5*r = -11 + b. What is the remainder when 17 is divided by r?
5
Let y(l) = 2*l**2 + 11*l - 5. Let p be y(-10). Let a = -51 + p. Calculate the remainder when a is divided by 12.
10
Let b = -152 + 255. Calculate the remainder when b is divided by 26.
25
Suppose 2*g = 10 - 8. Let f = 4 + g. Suppose -3*x + 161 = x + j, -f*x = 5*j - 205. What is the remainder when x is divided by 14?
12
Suppose -44*d + 43*d + 10 = 0. What is the remainder when 26 is divided by d?
6
Let u = 0 - -6. Calculate the remainder when (u/(-9))/(2/(-21)) is divided by ((-21)/(-14))/((-2)/(-4)).
1
Suppose -77 = -4*i - 17. Let w = 41 - 12. Calculate the remainder when w is divided by i.
14
Suppose 4*t - 5*t - 3*v = -81, -v - 2 = 0. What is the remainder when t is divided by 22?
21
Let f(z) = -6*z**3 + 0*z - 2*z**2 + 29 + 3*z - 2*z - 27. Calculate the remainder when f(-2) is divided by 14.
12
Let c = -5 + 8. Suppose 2*j - 4*x + 10 = -12, c*x = -j + 9. Let q = 3 - j. What is the remainder when 16 is divided by q?
4
What is the remainder when 8/40 - 674/(-5) is divided by 34?
33
Suppose -4*u + 4 = 0, -5*u = 3*s + 3 - 14. Let h(n) = 5*n. What is the remainder when h(s) is divided by 4?
2
Suppose -6*u + 10 + 26 = 0. Calculate the remainder when (-1)/(-2)*64/2 is divided by u.
4
Let s(g) = 2*g**2 - 4*g - 7. Calculate the remainder when 89 is divided by s(5).
20
Suppose 68*l - 73*l + 205 = 0. What is the remainder when l is divided by 11?
8
Let v(g) = g + 9. What is the remainder when 16 + -3 - (-3)/3 is divided by v(-5)?
2
Suppose -p + 2*k = -8 + 2, -4*k + 18 = 3*p. Let t be 3/15*p*20. Suppose 0*u = -3*m - u + 15, -5*m + t = 2*u. What is the remainder when m is divided by 4?
2
What is the remainder when 6/(-4)*1840/(-69) is divided by 2?
0
Suppose 2*o + 14 = 4*o + 4*x, x - 2 = o. What is the remainder when 4 is divided by (-2)/3*(o - 4)?
0
Let s(i) be the first derivative of i**4/4 + i**3 - i**2/2 - i - 2. Let j be s(-3). What is the remainder when (-2)/(j/(-15)) + 1 is divided by 9?
7
Let a = 167 - 115. What is the remainder when 258 is divided by a?
50
Suppose 0 = -3*j + 75 + 15. Calculate the remainder when 119 is divided by j.
29
Calculate the remainder when 59 is divided by ((-3)/1 - 27)*(-2)/4.
14
Let c(x) = x + 2. What is the remainder when 11 is divided by c(2)?
3
Let l(o) = 33*o**3 - o**2 + o. Calculate the remainder when l(1) is divided by 17.
16
Let l = 8 - 5. Let v = 2 + l. What is the remainder when 9 is divided by v?
4
Let l(c) = c**2 + c + 1. What is the remainder when 7 is divided by l(-2)?
1
Let o = 18 - 28. Let l = 12 + o. What is the remainder when l is divided by 1?
0
Calculate the remainder when 18 is divided by 2/(((-4)/14)/(-2)).
4
Suppose 5*q - 36 = 14. Let u(l) = 8*l - 1. Calculate the remainder when u(5) is divided by q.
9
Let b = 40 - 20. Calculate the remainder when 58 is divided by b.
18
Let z(j) = -3*j - 4. What is the remainder when z(-7) is divided by 6?
5
Let o = 30 + 58. Calculate the remainder when o is divided by 30.
28
Let q(z) = z**3 - z**2 - z + 22. Let o be (-1 - (3 + -3)) + 1. What is the remainder when q(o) is divided by 6?
4
Calculate the remainder when 47 is divided by (-3)/(-8) - 1635/(-120).
5
Suppose -7*o + 3*o - 151 = -3*y, 4*o = -5*y + 273. Calculate the remainder when y is divided by 11.
9
Let p = 290 - 267. Let j(i) = -i**3 + 4*i**2 + 8*i - 7. Let l be j(5). Suppose 3*w - l = 16. Calculate the remainder when p is divided by w.
7
Suppose 60 = 9*i - 4*i. Calculate the remainder when (-4)/(-14) - 1652/(-49) is divided by i.
10
Let x = 115 + -110. Calculate the remainder when 43 is divided by x.
3
Let k = 11 + -8. Calculate the remainder when 14 is divided by k.
2
Let l(u) = u**3 - 6*u**2 + 5*u + 5. Let o = -13 - -18. Let m be l(o). Suppose 0 = m*y - 26 - 4. Calculate the remainder when 15 is divided by y.
3
Suppose -2*r + 81 = -27. What is the remainder when r is divided by 14?
12
Suppose 3*k = -15 + 36. What is the remainder when k is divided by 6?
1
Let p be (1/(-1))/(3/(-9)). Let c be (3 + -1)*(-19)/(-2). Suppose 5*u = 3*y - 35 - 22, -p*u - c = -y. What is the remainder when y is divided by 7?
5
Suppose -50 = -3*x - 2*x. Calculate the remainder when 